y is divided by 12?
9
Let y(c) = -77*c - 20. Calculate the remainder when 155 is divided by y(-1).
41
Let v = -21 - -70. Let h(y) = 2*y**2 + 16*y - 8. Calculate the remainder when v is divided by h(-9).
9
Let k(u) = -u**3 - 10*u**2 - 11*u - 11. Calculate the remainder when k(-9) is divided by (-140)/28*(-4 - (-48)/15).
3
Suppose -z + 2*z - 14 = 2*d, 14 = z + 3*d. Calculate the remainder when (z/(-6))/(1/(-18)) is divided by ((-57)/76)/(6/(-88)).
9
Let h(x) = x**2 + 4*x - 12. Suppose -4*b + 15 = -0*b + 5*m, 4*b = 3*m - 9. Suppose -d + b*d + 9 = 0. Calculate the remainder when h(5) is divided by d.
6
Suppose -5*m - 236 = 484. Suppose 0*h + 30 = 5*h. Calculate the remainder when (-4)/(-10) - m/15 is divided by h.
4
Suppose -9*f = -571 + 67. What is the remainder when f is divided by 16?
8
Suppose 0 = 4*t + 5 - 17. Let m be (-28)/6*63/42. Let w(q) = q + 16. Calculate the remainder when w(m) is divided by t.
0
Let r be (3 - 15)/(3/2). Let x(y) = -4*y - 18. What is the remainder when 49 is divided by x(r)?
7
Let g(h) = 2*h + 7 - 4*h + 2 - 4. Let q be g(0). Suppose -5*c = -4*x + 33, q*c + 0 = -x + 2. What is the remainder when 25 is divided by x?
4
Suppose -3*v + 7*v - 32 = 0. Let h = 6 - -15. Suppose 5*u - h = 84. What is the remainder when u is divided by v?
5
Let g(b) = -10*b - 41. What is the remainder when g(-21) is divided by 19?
17
Suppose -5*i - 22*c + 20*c + 418 = 0, -170 = -2*i + 2*c. Calculate the remainder when i is divided by 28.
0
Let p(u) = 93*u - 6. Let q be p(1). Suppose 0 = 3*n - 4*n - 4*s + 33, -s = 4*n - q. What is the remainder when n is divided by 5?
1
Suppose -c = -2*q - 23, -4*c + 0*q + 92 = 2*q. Let p = c + 0. Calculate the remainder when 63 is divided by p.
17
Let x = 279 + -66. Calculate the remainder when x is divided by 102.
9
Suppose 0 = -7*i - 1 - 6. Calculate the remainder when 18*(4/12 - i) is divided by 16.
8
Let b = 295 + -267. Suppose 5*i + 3*j = 94, 6*i - 2*i = -5*j + 83. What is the remainder when b is divided by i?
11
Let m be (33 + -5)*1*4. Let v = m + -42. What is the remainder when v is divided by 25?
20
Let s(j) = -j**3 + 6*j**2 + 3*j + 3. Let g = 519 + -510. Calculate the remainder when s(6) is divided by g.
3
Suppose -50*h + 55*h = 2360. What is the remainder when h is divided by 37?
28
Suppose -5*n - 7 = -3*n + p, n = -5*p - 26. Let x = n - -3. Suppose x*q + 130 = 7*q. Calculate the remainder when 103 is divided by q.
25
Calculate the remainder when 5 is divided by ((-81)/(-54))/(1/2).
2
Suppose 0 = 4*m + 125 - 321. Let y(d) = -15*d**2 + 1109*d + 84. What is the remainder when m is divided by y(74)?
9
Let a be -1*(-108)/((-4)/1). Let f be 21*-2*(-18)/a. Let p = -16 - f. Calculate the remainder when 33 is divided by p.
9
Let m(z) = z**3 + 6*z**2 - 7*z + 6. Let o(c) = c**3 + 6*c**2 - 8*c + 6. Let v(l) = 6*m(l) - 5*o(l). Calculate the remainder when 106 is divided by v(-6).
16
Suppose -3*a + 8 + 82 = 0. Calculate the remainder when 0 + 3 - a/(-6)*2 is divided by 4.
1
Suppose 5*r - 52 = -2. Let s(a) = 2*a + 14. What is the remainder when 133 is divided by s(r)?
31
Suppose -4*w + 5*w = 48. Suppose -w = -a - 8. Let n(f) = -f**2 - 7*f + 2. What is the remainder when a is divided by n(-4)?
12
Suppose m + 3*m - 7 = -a, 2*m + a - 3 = 0. Let o(b) = 2*b**2 + b + 2. Let x = -31 - -76. What is the remainder when x is divided by o(m)?
9
Suppose -30*b - 55968 = -22*b. Calculate the remainder when ((-1)/(-3))/(b/(-999) + -7) is divided by 28.
27
Let k(i) = -65*i - 362. What is the remainder when 48 is divided by k(-6)?
20
Let n = -219 + 342. Calculate the remainder when n is divided by 45.
33
Let h(b) = -b**3 - 8*b**2 + 3*b + 9. Let i be h(-8). Let g = 21 + i. What is the remainder when g is divided by 2?
0
Suppose -62 = -o - 2*o - 4*d, 5*d + 26 = 2*o. What is the remainder when 214 is divided by o?
16
What is the remainder when 627 is divided by -2*(-2)/8 + 3605/206?
15
Let d be 4/((-8)/6) - -6. Suppose 4*g + d*o = 558, 2*g = 3*g - 2*o - 145. Let u = g + -55. Calculate the remainder when u is divided by 29.
28
Suppose 323*b - 630 = 308*b. Calculate the remainder when b is divided by 3.
0
Suppose -s = -2*j + 63, 4*j - 96 = j + 2*s. Calculate the remainder when 568 is divided by j.
28
Let i(d) = 12*d - 16 - d**2 - 11 + 21. Let g be i(12). Calculate the remainder when 2/(-3*g/207) is divided by 8.
7
Suppose -q = 3*n - 0*q + 21, 9 = -3*q. Let v(x) = -10*x - 20. Calculate the remainder when v(n) is divided by 14.
12
Suppose 2*i = -5*p + 8, -3*p + 2*i + 9 - 1 = 0. What is the remainder when 57 is divided by (-3 - 0/p)*-5?
12
Let d be (-4)/10 + 496/40. What is the remainder when 28 is divided by 186/d - (-2)/(-4)?
13
Suppose 0 = y + i - 133, -5*y - 133 = -6*y + 2*i. Calculate the remainder when y is divided by 28.
21
Let w = 0 - 0. Suppose l + 2*l - 21 = w. Suppose 95 = 5*c - 5*n, -l = 2*c + n - 39. Calculate the remainder when c is divided by 6.
5
Suppose -5*y - 36 = -x, -11 = 3*y + 1. What is the remainder when 37 is divided by x?
5
Let w = -566 + 752. What is the remainder when w is divided by 28?
18
Let s(j) = 2*j**2 + 6*j + 4. Let q be s(-4). Let n = q - 60. Let d = -29 - n. Calculate the remainder when 55 is divided by d.
17
Let v(z) = z**3 + 6*z**2 + 8. Let r be v(-6). Calculate the remainder when (-28)/r*(-24)/21 is divided by (-7 + 1)*1/(-3).
0
Let m = -314 + 1385. Calculate the remainder when m is divided by 67.
66
Suppose 0 = 5*w - 157 + 32. Let k = 36 - w. Calculate the remainder when 53 is divided by k.
9
What is the remainder when 2*1779*-1*(-7)/21 is divided by 66?
64
Let v(k) = 2*k - 6. Let s be v(6). Suppose p - 5 = s. What is the remainder when 0 + 2 + (-12 - -52) is divided by p?
9
What is the remainder when 159 is divided by (3 - 2)/(((-42)/(-162))/7)?
24
Suppose -3*v - a + 2241 = 0, 11*v - 8*v = a + 2241. Calculate the remainder when v is divided by 11.
10
Suppose -2*v - 10 = -3*k - 4, -4*k = 8. Let a(g) = -g**2 - 10*g - 19. Calculate the remainder when a(v) is divided by 5.
0
Suppose -743 = -10*k + 37. Calculate the remainder when 150 is divided by k.
72
Suppose 0 = -10*c + 181 + 2359. Calculate the remainder when c is divided by 87.
80
Suppose -3*m + 2*n + 7 = 0, 3*m = -n + 2*n + 11. Suppose 5*v + c = 0, 0 = -0*c + c - m. Let p = 9 - v. What is the remainder when 28 is divided by p?
8
Let w = -117 - -148. Suppose 0*x - 2*x + 122 = 0. What is the remainder when x is divided by w?
30
Suppose 13*y - 873 + 210 = 0. Calculate the remainder when 200 is divided by y.
47
Let m = -2 - -8. Let n(f) = f**3 - 14*f**2 + 22*f + 38. What is the remainder when n(12) is divided by m?
2
Let i(j) = -27*j - 292. Let a = -62 - -123. What is the remainder when a is divided by i(-12)?
29
Let n = 3 + 1. Suppose -6*k - 760 - 740 = 0. Let i = -240 - k. What is the remainder when i is divided by n?
2
What is the remainder when 29 is divided by -4 + ((-3)/3 - -4)*5?
7
Let s(u) = 11*u**3 + 12*u**2 - 14*u + 23. Calculate the remainder when s(4) is divided by 6.
5
Let y(p) = p**3 - 9*p**2 - 7*p - 16. Let d(q) = -12*q + 3. Let s be d(-3). Suppose -a = -2*a + s. What is the remainder when a is divided by y(10)?
11
Let t(g) = 2*g**2 - 16*g + 8. Let y be t(6). Calculate the remainder when 107 is divided by (-2)/(-8) - (380/y - -6).
17
Let g = -54 - -72. Let s be (0 + -4)/(14/(-63)). Let b = 29 - s. What is the remainder when g is divided by b?
7
Let l = 6 + -1. Suppose 4*d = -5*j + 44, j - l*d - 24 = -2*d. What is the remainder when j is divided by 9?
3
Let s(q) be the third derivative of -q**5/60 - 13*q**4/24 + 7*q**3/6 - q**2. Calculate the remainder when s(-7) is divided by 4/1 - (110 - 119).
10
Let q(h) = h**3 + 7*h**2 + 5*h + 20. What is the remainder when 75 is divided by q(-6)?
23
Suppose k + 18 = 94. Let r = k + -36. Let t = r + -22. What is the remainder when t is divided by 10?
8
Suppose 0 = -l - 3*p + 9, -2*l + 5*p - 16 = -4*l. Suppose 64 = a + l*a. Let m = -11 + a. Calculate the remainder when 7 is divided by m.
2
Let v = 3 + 1. Let a = -79 + 100. Suppose a = -7*m + 49. What is the remainder when m is divided by v?
0
Suppose 3*a = -10*o + 11*o - 61, 0 = 5*o + 2*a - 322. Let i = -400 - -591. Calculate the remainder when i is divided by o.
63
Suppose -6 = i - 0*i. Let r be 2/(-3) + (-838)/i. Suppose 5*d - r - 11 = 0. What is